{"id":356,"date":"2015-09-05T12:12:03","date_gmt":"2015-09-05T12:12:03","guid":{"rendered":"http:\/\/demo.athemes.com\/sydney\/?page_id=356"},"modified":"2024-09-15T15:59:50","modified_gmt":"2024-09-15T13:59:50","slug":"formules","status":"publish","type":"page","link":"https:\/\/aufildevoschoix.com\/index.php\/formules\/","title":{"rendered":"Formules"},"content":{"rendered":"<div id=\"pl-356\"  class=\"panel-layout\" ><div id=\"pg-356-0\"  class=\"panel-grid panel-has-style\" ><div style=\"padding: 100px 0; \" data-overlay=\"true\" data-overlay-color=\"#000000\" class=\"panel-row-style panel-row-style-for-356-0\" ><div id=\"pgc-356-0-0\"  class=\"panel-grid-cell\" ><div id=\"panel-356-0-0-0\" class=\"so-panel widget widget_text panel-first-child panel-last-child widgetopts-SO\" data-index=\"0\" ><div style=\"text-align: left;\" data-title-color=\"#443f3f\" data-headings-color=\"#443f3f\" class=\"panel-widget-style panel-widget-style-for-356-0-0-0\" ><h3 class=\"widget-title\">Les Formules<\/h3>\t\t\t<div class=\"textwidget\"><br\/>\n<center>\nCoaching flash<br\/>\nAccompagnements ponctuels ou dans la dur\u00e9e<br\/>\nParcours Personnages-Talents<br\/>\nBilan de comp\u00e9tences<br\/>\n<\/center><\/div>\n\t\t<\/div><\/div><\/div><\/div><\/div><div id=\"pg-356-1\"  class=\"panel-grid panel-has-style\" ><div class=\"siteorigin-panels-stretch panel-row-style panel-row-style-for-356-1\" style=\"padding: 0px 0; \" data-stretch-type=\"full\" data-overlay=\"true\" data-overlay-color=\"#000000\" ><div id=\"pgc-356-1-0\"  class=\"panel-grid-cell\" ><div id=\"panel-356-1-0-0\" class=\"so-panel widget widget_text panel-first-child widgetopts-SO\" data-index=\"1\" ><div style=\"text-align: left;\" data-title-color=\"#443f3f\" data-headings-color=\"#443f3f\" class=\"panel-widget-style panel-widget-style-for-356-1-0-0\" >\t\t\t<div class=\"textwidget\"><center><i class=\"fa fa-check\" aria-hidden=\"true\"><\/i> Accompagnement en pr\u00e9sentiel ou \u00e0 distance.\n<p><\/p>\n<i class=\"fa fa-check\" aria-hidden=\"true\"><\/i> \nEntretien pr\u00e9alable pour cerner les besoins et d\u00e9finir les modalit\u00e9s de l\u2019accompagnement\n<p><\/p><\/div>\n\t\t<\/div><\/div><div id=\"panel-356-1-0-1\" class=\"so-panel widget widget_sydney_action sydney_action_widget panel-last-child\" data-index=\"2\" ><div style=\"text-align: left;\" data-title-color=\"#443f3f\" data-headings-color=\"#443f3f\" class=\"panel-widget-style panel-widget-style-for-356-1-0-1\" >        <div class=\"roll-promobox \">\r\n\t\t\t<div class=\"promo-wrap\">\r\n\t\t\t\t\t\t\t\t<div class=\"promo-controls\">\r\n\t\t\t\t\t<a href=\"http:\/\/aufildevoschoix.com\/index.php\/contact\/\" class=\"roll-button border\">Me contacter<\/a>\r\n\t\t\t\t<\/div>\r\n\t\t\t<\/div>\r\n        <\/div>\r\n\t<\/div><\/div><\/div><\/div><\/div><\/div>","protected":false},"excerpt":{"rendered":"<p>Coaching flash Accompagnements ponctuels ou dans la dur\u00e9e Parcours Personnages-Talents Bilan de comp\u00e9tences Accompagnement en pr\u00e9sentiel ou \u00e0 distance. Entretien pr\u00e9alable pour [&hellip;]<\/p>\n","protected":false},"author":1,"featured_media":0,"parent":0,"menu_order":0,"comment_status":"closed","ping_status":"closed","template":"page-templates\/page_front-page.php","meta":{"footnotes":""},"class_list":["post-356","page","type-page","status-publish","hentry"],"jetpack_sharing_enabled":true,"_links":{"self":[{"href":"https:\/\/aufildevoschoix.com\/index.php\/wp-json\/wp\/v2\/pages\/356","targetHints":{"allow":["GET"]}}],"collection":[{"href":"https:\/\/aufildevoschoix.com\/index.php\/wp-json\/wp\/v2\/pages"}],"about":[{"href":"https:\/\/aufildevoschoix.com\/index.php\/wp-json\/wp\/v2\/types\/page"}],"author":[{"embeddable":true,"href":"https:\/\/aufildevoschoix.com\/index.php\/wp-json\/wp\/v2\/users\/1"}],"replies":[{"embeddable":true,"href":"https:\/\/aufildevoschoix.com\/index.php\/wp-json\/wp\/v2\/comments?post=356"}],"version-history":[{"count":104,"href":"https:\/\/aufildevoschoix.com\/index.php\/wp-json\/wp\/v2\/pages\/356\/revisions"}],"predecessor-version":[{"id":1414,"href":"https:\/\/aufildevoschoix.com\/index.php\/wp-json\/wp\/v2\/pages\/356\/revisions\/1414"}],"wp:attachment":[{"href":"https:\/\/aufildevoschoix.com\/index.php\/wp-json\/wp\/v2\/media?parent=356"}],"curies":[{"name":"wp","href":"https:\/\/api.w.org\/{rel}","templated":true}]}}