{"id":286,"date":"2020-11-27T13:30:41","date_gmt":"2020-11-27T12:30:41","guid":{"rendered":"http:\/\/demo.athemes.com\/sydney\/?page_id=286"},"modified":"2022-10-15T10:59:39","modified_gmt":"2022-10-15T08:59:39","slug":"qui-suis-je","status":"publish","type":"page","link":"https:\/\/aufildevoschoix.com\/index.php\/qui-suis-je\/","title":{"rendered":"Qui suis-je ?"},"content":{"rendered":"<div id=\"pl-286\"  class=\"panel-layout\" ><div id=\"pg-286-0\"  class=\"panel-grid panel-has-style\" ><div class=\"siteorigin-panels-stretch panel-row-style panel-row-style-for-286-0\" style=\"color: #000000;padding: 20px 0; \" data-stretch-type=\"full\" data-hascolor=\"hascolor\" data-overlay=\"true\" data-overlay-color=\"#000000\" ><div id=\"pgc-286-0-0\"  class=\"panel-grid-cell\" ><div id=\"panel-286-0-0-0\" class=\"so-panel widget widget_text panel-first-child widgetopts-SO\" data-index=\"0\" ><div style=\"text-align: left;\" data-title-color=\"#443f3f\" data-headings-color=\"#443f3f\" class=\"panel-widget-style panel-widget-style-for-286-0-0-0\" ><h3 class=\"widget-title\">Qui suis-je ?<\/h3>\t\t\t<div class=\"textwidget\"><br>\n<img loading=\"lazy\" decoding=\"async\" class=\"aligncenter wp-image-565 \" src=\"http:\/\/aufildevoschoix.com\/wp-content\/uploads\/2022\/09\/Veronique-dEstaintot.jpg\" alt=\"\" width=\"180\" height=\"180\" \/><\/a>\n<h6 style=\"text-align: center;\"><span style=\"color: #72b886;\"><strong>V\u00e9ronique d'Estaintot<\/strong><\/span><\/a><\/h6>\n\n<p style=\"margin-top:30px;font-size:16px;\">\n<b>Dipl\u00f4m\u00e9e de l\u2019ESSEC (1979), titulaire d'une licence d'histoire (Sorbonne, 1980) et d\u2019un PhD en marketing et sciences comportementales (Booth School of Business, University of Chicago, 1996), j\u2019ai travaill\u00e9 en entreprise, dans l\u2019ESS (Economie Sociale et Solidaire), dans la recherche et l\u2019enseignement, en France et \u00e0 l\u2019\u00e9tranger<\/b>. M\u00e8re de quatre enfants, grand-m\u00e8re et conjointe d'entrepreneur, j'ai appris \u00e0 jongler entre les diff\u00e9rentes sph\u00e8res de ma vie, pour respecter mes priorit\u00e9s personnelles, familiales et professionnelles et tenir le cap. \n<\/p>\n\n<p style=\"font-size:16px;\">\n<b>Depuis plus de 30 ans, j\u2019accompagne jeunes et adultes<\/b> \u00e0 clarifier leurs probl\u00e9matiques et \u00e0 <b>construire leur projet personnel et professionnel<\/b>. Devenue <b>tutrice d'\u00e9tudiants de l'ESSEC<\/b> en 2010, j'ai progressivement d\u00e9velopp\u00e9 mon activit\u00e9 d'accompagnement aupr\u00e8s de jeunes pros et de jeunes parents puis ai cr\u00e9\u00e9 <b>\"Au fil de vos choix\u00ae\"<\/b> pour \u00e9tendre ma pratique \u00e0 un public plus large. En parall\u00e8le, j'ai compl\u00e9t\u00e9 mon <b>expertise des probl\u00e9matiques de parentalit\u00e9 au travail<\/b> en accompagnant entreprises et collectivit\u00e9s sur ces sujets. Aujourd'hui, en tant que \"praticienne Aristote\", je propose \u00e9galement des <b>parcours et des bilans Personnages-Talents\u00ae.<\/b> Ces d\u00e9marches ont pour but d\u2019<b>approfondir la connaissance de soi et d\u2019int\u00e9grer les diff\u00e9rentes facettes de sa personnalit\u00e9<\/b>, pour d\u00e9ployer pleinement son potentiel et s\u2019accomplir dans une vie professionnelle utile au monde et riche de sens.\n<\/p>\n\n<p style=\"font-size:16px;\">\nPionni\u00e8re des sciences comportementales en France, <b>form\u00e9e \u00e0 l\u2019\u00e9coute active et passionn\u00e9e de psychologie de la d\u00e9cision<\/b>, je suis anim\u00e9e par le d\u00e9sir de donner aux personnes que j\u2019accompagne les moyens de conjuguer dans la dur\u00e9e leurs vies personnelle, familiale et professionnelle, et de se projeter vers un avenir professionnel qui ait du sens pour elles. J\u2019ai \u00e0 c\u0153ur de leur permettre de <b>faire des choix coh\u00e9rents<\/b> avec leurs motivations profondes et leurs aspirations, tout en les conduisant \u00e0 <b>\u00e9largir leurs perspectives<\/b> de fa\u00e7on r\u00e9aliste. Au programme : mise en \u00e9vidence de leurs points forts et de la richesse de leur parcours, identification de leurs objectifs, mise en place des moyens pour les atteindre. Qu\u2019il s\u2019agisse de <b>clarifier une probl\u00e9matique, de prendre une d\u00e9cision ponctuelle ou de s\u2019engager dans un processus de r\u00e9flexion sur l\u2019orientation \u00e0 donner \u00e0 leur parcours professionnel<\/b>, j\u2019aide mes interlocuteurs \u00e0 envisager la situation sous plusieurs angles et \u00e0 imaginer des solutions au-del\u00e0 de leurs cadres de r\u00e9f\u00e9rence habituels. Je suis convaincue de la n\u00e9cessit\u00e9 de <b>valoriser les comp\u00e9tences d\u00e9velopp\u00e9es en dehors du champ professionnel<\/b>. Et j'aime tant voir le regard de mes interlocuteurs s'illuminer, au moment o\u00f9 ils prennent conscience de l\u2019\u00e9tendue de leurs ressources et r\u00e9alisent que leur horizon s\u2019\u00e9claire !\n<\/p>\n\n<p style=\"font-size:16px;\">\nMa grande <b>curiosit\u00e9 intellectuelle<\/b> me conduit \u00e9galement \u00e0 suivre de pr\u00e8s l'\u00e9volution des modes de vie, des pratiques professionnelles et du monde du travail, avec l\u2019ambition de contribuer \u00e0 leurs transformations. J\u2019aime <b>faire \u00e9merger les projets, provoquer le passage \u00e0 l\u2019action et faire bouger les lignes<\/b> sur les sujets qui me tiennent \u00e0 c\u0153ur : c'est ainsi que j'ai cr\u00e9\u00e9 mon <b>blog <a href=\"https:\/\/www.veroniquedestaintot.com\/\">\"Mieux D\u00e9cider\"<\/b><\/a>. \n<\/p>\n<\/div>\n\t\t<\/div><\/div><div id=\"panel-286-0-0-1\" class=\"so-panel widget widget_fp_social panel-last-child\" data-index=\"1\" ><div style=\"text-align: left;\" data-title-color=\"#443f3f\" data-headings-color=\"#443f3f\" class=\"panel-widget-style panel-widget-style-for-286-0-0-1\" >\t\t\t\t\t\t<div class=\"menu-social-vero-container\"><ul id=\"menu-social-vero\" class=\"menu social-menu-widget clearfix\"><li id=\"menu-item-889\" class=\"menu-item menu-item-type-custom menu-item-object-custom menu-item-889 sydney-dropdown-li\"><a href=\"https:\/\/www.linkedin.com\/in\/veronique-d-estaintot\/\" class=\"sydney-dropdown-link\"><span class=\"screen-reader-text\">Linkedin<\/span><\/a><\/li>\n<\/ul><\/div>\t\r\n\t\t<\/div><\/div><\/div><\/div><\/div><div id=\"pg-286-1\"  class=\"panel-grid panel-has-style\" ><div style=\"padding: 20px 0; \" data-overlay=\"true\" data-overlay-color=\"#000000\" class=\"panel-row-style panel-row-style-for-286-1\" ><div id=\"pgc-286-1-0\"  class=\"panel-grid-cell\" ><div id=\"panel-286-1-0-0\" class=\"so-panel widget widget_sydney_action sydney_action_widget panel-first-child panel-last-child\" data-index=\"2\" ><div style=\"text-align: left;\" data-title-color=\"#443f3f\" data-headings-color=\"#443f3f\" class=\"panel-widget-style panel-widget-style-for-286-1-0-0\" >        <div class=\"roll-promobox \">\r\n\t\t\t<div class=\"promo-wrap\">\r\n\t\t\t\t\t\t\t\t<div class=\"promo-controls\">\r\n\t\t\t\t\t<a href=\"http:\/\/aufildevoschoix.com\/\" class=\"roll-button border\">Retour \u00e0 la page d&#039;accueil<\/a>\r\n\t\t\t\t<\/div>\r\n\t\t\t<\/div>\r\n        <\/div>\r\n\t<\/div><\/div><\/div><\/div><\/div><\/div>","protected":false},"excerpt":{"rendered":"<p>V\u00e9ronique d&#8217;Estaintot Dipl\u00f4m\u00e9e de l\u2019ESSEC (1979), titulaire d&#8217;une licence d&#8217;histoire (Sorbonne, 1980) et d\u2019un PhD en marketing et sciences comportementales (Booth School [&hellip;]<\/p>\n","protected":false},"author":1,"featured_media":0,"parent":0,"menu_order":0,"comment_status":"closed","ping_status":"closed","template":"page-templates\/page_front-page.php","meta":{"footnotes":""},"class_list":["post-286","page","type-page","status-publish","hentry"],"jetpack_sharing_enabled":true,"_links":{"self":[{"href":"https:\/\/aufildevoschoix.com\/index.php\/wp-json\/wp\/v2\/pages\/286","targetHints":{"allow":["GET"]}}],"collection":[{"href":"https:\/\/aufildevoschoix.com\/index.php\/wp-json\/wp\/v2\/pages"}],"about":[{"href":"https:\/\/aufildevoschoix.com\/index.php\/wp-json\/wp\/v2\/types\/page"}],"author":[{"embeddable":true,"href":"https:\/\/aufildevoschoix.com\/index.php\/wp-json\/wp\/v2\/users\/1"}],"replies":[{"embeddable":true,"href":"https:\/\/aufildevoschoix.com\/index.php\/wp-json\/wp\/v2\/comments?post=286"}],"version-history":[{"count":272,"href":"https:\/\/aufildevoschoix.com\/index.php\/wp-json\/wp\/v2\/pages\/286\/revisions"}],"predecessor-version":[{"id":1397,"href":"https:\/\/aufildevoschoix.com\/index.php\/wp-json\/wp\/v2\/pages\/286\/revisions\/1397"}],"wp:attachment":[{"href":"https:\/\/aufildevoschoix.com\/index.php\/wp-json\/wp\/v2\/media?parent=286"}],"curies":[{"name":"wp","href":"https:\/\/api.w.org\/{rel}","templated":true}]}}

<div id="pl-286"  class="panel-layout" ><div id="pg-286-0"  class="panel-grid panel-has-style" ><div class="siteorigin-panels-stretch panel-row-style panel-row-style-for-286-0" style="color: #000000;padding: 20px 0; " data-stretch-type="full" data-hascolor="hascolor" data-overlay="true" data-overlay-color="#000000" ><div id="pgc-286-0-0"  class="panel-grid-cell" ><div id="panel-286-0-0-0" class="so-panel widget widget_text panel-first-child widgetopts-SO" data-index="0" ><div style="text-align: left;" data-title-color="#443f3f" data-headings-color="#443f3f" class="panel-widget-style panel-widget-style-for-286-0-0-0" ><h3 class="widget-title">Qui suis-je ?</h3>			<div class="textwidget"><br>
<img loading="lazy" decoding="async" class="aligncenter wp-image-565 " src="http://aufildevoschoix.com/wp-content/uploads/2022/09/Veronique-dEstaintot.jpg" alt="" width="180" height="180" /></a>
<h6 style="text-align: center;"><span style="color: #72b886;"><strong>Véronique d'Estaintot</strong></span></a></h6>

<p style="margin-top:30px;font-size:16px;">
<b>Diplômée de l’ESSEC (1979), titulaire d'une licence d'histoire (Sorbonne, 1980) et d’un PhD en marketing et sciences comportementales (Booth School of Business, University of Chicago, 1996), j’ai travaillé en entreprise, dans l’ESS (Economie Sociale et Solidaire), dans la recherche et l’enseignement, en France et à l’étranger</b>. Mère de quatre enfants, grand-mère et conjointe d'entrepreneur, j'ai appris à jongler entre les différentes sphères de ma vie, pour respecter mes priorités personnelles, familiales et professionnelles et tenir le cap. 
</p>

<p style="font-size:16px;">
<b>Depuis plus de 30 ans, j’accompagne jeunes et adultes</b> à clarifier leurs problématiques et à <b>construire leur projet personnel et professionnel</b>. Devenue <b>tutrice d'étudiants de l'ESSEC</b> en 2010, j'ai progressivement développé mon activité d'accompagnement auprès de jeunes pros et de jeunes parents puis ai créé <b>"Au fil de vos choix®"</b> pour étendre ma pratique à un public plus large. En parallèle, j'ai complété mon <b>expertise des problématiques de parentalité au travail</b> en accompagnant entreprises et collectivités sur ces sujets. Aujourd'hui, en tant que "praticienne Aristote", je propose également des <b>parcours et des bilans Personnages-Talents®.</b> Ces démarches ont pour but d’<b>approfondir la connaissance de soi et d’intégrer les différentes facettes de sa personnalité</b>, pour déployer pleinement son potentiel et s’accomplir dans une vie professionnelle utile au monde et riche de sens.
</p>

<p style="font-size:16px;">
Pionnière des sciences comportementales en France, <b>formée à l’écoute active et passionnée de psychologie de la décision</b>, je suis animée par le désir de donner aux personnes que j’accompagne les moyens de conjuguer dans la durée leurs vies personnelle, familiale et professionnelle, et de se projeter vers un avenir professionnel qui ait du sens pour elles. J’ai à cœur de leur permettre de <b>faire des choix cohérents</b> avec leurs motivations profondes et leurs aspirations, tout en les conduisant à <b>élargir leurs perspectives</b> de façon réaliste. Au programme : mise en évidence de leurs points forts et de la richesse de leur parcours, identification de leurs objectifs, mise en place des moyens pour les atteindre. Qu’il s’agisse de <b>clarifier une problématique, de prendre une décision ponctuelle ou de s’engager dans un processus de réflexion sur l’orientation à donner à leur parcours professionnel</b>, j’aide mes interlocuteurs à envisager la situation sous plusieurs angles et à imaginer des solutions au-delà de leurs cadres de référence habituels. Je suis convaincue de la nécessité de <b>valoriser les compétences développées en dehors du champ professionnel</b>. Et j'aime tant voir le regard de mes interlocuteurs s'illuminer, au moment où ils prennent conscience de l’étendue de leurs ressources et réalisent que leur horizon s’éclaire !
</p>

<p style="font-size:16px;">
Ma grande <b>curiosité intellectuelle</b> me conduit également à suivre de près l'évolution des modes de vie, des pratiques professionnelles et du monde du travail, avec l’ambition de contribuer à leurs transformations. J’aime <b>faire émerger les projets, provoquer le passage à l’action et faire bouger les lignes</b> sur les sujets qui me tiennent à cœur : c'est ainsi que j'ai créé mon <b>blog <a href="https://www.veroniquedestaintot.com/">"Mieux Décider"</b></a>. 
</p>
</div>
		</div></div><div id="panel-286-0-0-1" class="so-panel widget widget_fp_social panel-last-child" data-index="1" ><div style="text-align: left;" data-title-color="#443f3f" data-headings-color="#443f3f" class="panel-widget-style panel-widget-style-for-286-0-0-1" >						<div class="menu-social-vero-container"><ul id="menu-social-vero" class="menu social-menu-widget clearfix"><li id="menu-item-889" class="menu-item menu-item-type-custom menu-item-object-custom menu-item-889 sydney-dropdown-li"><a href="https://www.linkedin.com/in/veronique-d-estaintot/" class="sydney-dropdown-link"><span class="screen-reader-text">Linkedin</span></a></li>
</ul></div>	
		</div></div></div></div></div><div id="pg-286-1"  class="panel-grid panel-has-style" ><div style="padding: 20px 0; " data-overlay="true" data-overlay-color="#000000" class="panel-row-style panel-row-style-for-286-1" ><div id="pgc-286-1-0"  class="panel-grid-cell" ><div id="panel-286-1-0-0" class="so-panel widget widget_sydney_action sydney_action_widget panel-first-child panel-last-child" data-index="2" ><div style="text-align: left;" data-title-color="#443f3f" data-headings-color="#443f3f" class="panel-widget-style panel-widget-style-for-286-1-0-0" >        <div class="roll-promobox ">
			<div class="promo-wrap">
								<div class="promo-controls">
					<a href="http://aufildevoschoix.com/" class="roll-button border">Retour à la page d&#039;accueil</a>
				</div>
			</div>
        </div>
	</div></div></div></div></div></div>

<p>Véronique d&#8217;Estaintot Diplômée de l’ESSEC (1979), titulaire d&#8217;une licence d&#8217;histoire (Sorbonne, 1980) et d’un PhD en marketing et sciences comportementales (Booth School [&hellip;]</p>
